False
Suppose -k = -4*i + 218405, -15*i + 20*i = 4*k + 273009. Is i prime?
True
Suppose -4*x - 40 = -14*x. Suppose -x*c + 26 = 9*c. Is (449/c - 1)*(-184)/(-12) prime?
False
Suppose n = -0*n + 93. Let m(a) = 460*a + 40 + 44 - n. Is m(1) a prime number?
False
Let q(v) = -4*v + 80. Let o be q(17). Suppose -o*j = -5844 - 15768. Is j composite?
False
Let s be 0/(-6) + 7/(7/(-2)). Let t(m) = -3*m. Let h be t(s). Suppose -2*a = -h*a + 1016. Is a prime?
False
Let a be ((-69)/(-115))/(-2*(-1)/10). Suppose -6*c - 597 = -3*z - 5*c, z = a*c + 199. Is z prime?
True
Let z(m) = 7*m - 147. Let d be z(22). Suppose d*p - 104 = 1373. Is p a composite number?
False
Let j = 10684 + 31905. Is j a prime number?
True
Suppose 2*g = 6*g - 12. Suppose -g*j + 2*v - 5 = -4*j, -2*j = v - 7. Suppose -2*k = j*f - 473, 0*k + 2*k - 791 = -5*f. Is f a prime number?
False
Suppose -710880 = 44*n - 26060116. Is n composite?
False
Suppose -2 = -3*p + 4*q - 0, 2*p + 22 = -2*q. Let y be p - -2 - (-24 - -1). Suppose y + 352 = f. Is f prime?
False
Let w = 1159 - 531. Let k be (-11)/(-8 + -1 - -8). Suppose 15*c = k*c + w. Is c a prime number?
True
Let r(x) = -601*x**3 + 4*x**2 - 9. Let y be r(-3). Let l = 23059 - y. Is l a composite number?
True
Let l = -34 - -37. Suppose 0*j + 3*c - 94 = -j, -l*c + 6 = 0. Let t = 155 - j. Is t a composite number?
False
Suppose -5*g = -14 + 29, -5*y - g - 148868 = 0. Let p = y + 47480. Is p a prime number?
True
Suppose -3*g = 2*g - 15. Suppose -9 = -g*z + s, 5*z + 4*s + 0 = -2. Suppose 836 = z*f + 2*h, 2*h - 2086 = -5*f + h. Is f a composite number?
True
Let a(k) = -2 - 18*k - 16*k + 6*k**2 + 9*k + 91*k**2. Let v be a(-8). Is (-3*5/30)/((-1)/v) prime?
True
Suppose -3*n - 3*d + 6635 - 806 = 0, 3*d = -n + 1943. Is n prime?
False
Let w = 310910 + -166071. Is w a prime number?
True
Let s(h) = 999*h**3 + 2*h**2 + h + 5. Let l be (-1)/(-8 - 31/(-4)). Is s(l) prime?
True
Let t = -3 - -18. Suppose t*s - 16 = 11*s. Suppose -5*w = r - 5245, s*w - 5*r - 1049 = 3*w. Is w composite?
False
Let y = -2424 + 46764. Suppose 6*q + y = 119754. Is q prime?
True
Suppose 116 + 131 = -n - 5*x, -4*n - 4*x = 988. Let c = n + 452. Is c prime?
False
Let f(y) be the second derivative of y**3/2 + 22*y. Let j be f(-1). Is 1/((-6230)/2077 - j) composite?
True
Let w be -4 - -10 - (4 + -1). Let j = w + -8. Is 12245/25 + j - 2/(-10) composite?
True
Let b be -1 + (-15329)/(-13) + 4/(-26). Suppose -10*n + b = -4152. Suppose -2*p + 3*h + 541 = -p, p + h - n = 0. Is p composite?
True
Let b be 3/(-4) - 1324/(-16). Let c = 91 - b. Suppose c*n - 1435 = 4*n. Is n prime?
False
Let u(a) be the first derivative of 4*a**3 + 31*a**2/2 - 79*a - 86. Is u(-24) a prime number?
True
Suppose j = -2*k + 15559, 5*j - 5*k = 21007 + 56773. Suppose -n + j = 3*i, 3*i + 30401 = 5*n - 47312. Is n a composite number?
True
Suppose -5*d + 73 - 8 = 0. Suppose 0 = 3*h - d*h + 27470. Is h a prime number?
False
Let l(i) = 116594*i + 229. Is l(2) prime?
True
Let g(b) = 33*b**2 - 22*b - 17. Let f be g(-8). Suppose 0 = -5*k + 10, f = z + 3*k + 610. Is z a prime number?
False
Suppose -4*p + 2*t - 7*t - 20 = 0, 4*t = -2*p - 4. Let c be 2/3*(p + 7). Is (1/((-9)/6))/(c/1137) composite?
False
Suppose -3*t = -3*d - 4390359, -7317313 = -5*t + 52*d - 55*d. Is t a composite number?
False
Suppose 19*n = 24*n - 3*t - 66506, 4*n - 4*t - 53200 = 0. Is n a composite number?
True
Suppose 4*s + 5 = -2*r - s, -2*s = 5*r - 19. Suppose 211 = o - 23. Suppose -r*c + 191 + o = 0. Is c composite?
True
Suppose 30*l = 12*l + 4968. Let i = l + -22. Is i prime?
False
Suppose 0*b + 2*b = 0. Let q(x) = 39*x - 335. Let w(u) = -48*u + 335. Let i(z) = -5*q(z) - 4*w(z). Is i(b) a prime number?
False
Is (-1)/((-178220511)/17822049 + 10) prime?
False
Let a = -20 - -18. Let n(c) = 71*c**3 + c**2 - 6*c + 2. Let l(g) = -72*g**3 - g**2 + 5*g - 2. Let d(x) = a*n(x) - 3*l(x). Is d(1) a prime number?
False
Let c(j) = -235*j + 15. Let t be ((-42)/15)/((-12)/30). Let i be c(t). Let q = 27 - i. Is q prime?
True
Let m be (8 - 9)/(-3*2/54). Is (-3)/((-6)/(-10)) + 847 + m composite?
True
Suppose 33*q - 31*q + y - 89614 = 0, -q + 44817 = -2*y. Is q composite?
False
Is 2*14961/(-4)*104/(-12) prime?
False
Suppose -135*q + 531004 = -1430760 - 1119206. Is q prime?
False
Let h = 13157 - -53262. Is h a composite number?
True
Suppose 3*z + 6*z = 99. Suppose -z*k + 7414 = -5401. Is k a prime number?
False
Suppose -2*j - 12 = -b, 3*b - j = 6*b - 1. Suppose c = -t + 1 + 1, -b*t - 26 = -3*c. Suppose -764 - 178 = -c*o. Is o a prime number?
True
Let z(j) = -24050*j + 2057. Is z(-12) a prime number?
True
Let o(t) = -60*t - 10. Let d be o(-4). Let n = -126 + d. Let i = 231 - n. Is i prime?
True
Let k be 4 - 5*(2 + (-12)/4). Let a(h) = 67*h**2 + 16*h + 8. Is a(k) a composite number?
True
Let y(h) be the second derivative of h**4/4 - 13*h**3/6 - h**2/2 + 15*h. Let b be y(-10). Let n = -272 + b. Is n a composite number?
False
Let z(r) = 19*r**2 + 10*r - 16. Suppose 14*v - 12*v - 3*q = -6, -5*q + 11 = -3*v. Is z(v) composite?
True
Let d(h) = 2*h**2 + 4*h - 14. Let p be d(-5). Suppose -4*v + 12 = j, -2*j + p = v + 3*v. Is 2 - 3/v - (-3316)/8 a prime number?
False
Let j = 478 + 111. Is j + -10 + 2 + 6 composite?
False
Let m(a) = -a**2 - 6*a + 2. Let w be m(-6). Suppose 0 = 3*s - 3*t, t - w*t + 1 = 0. Is (2 - -1184) + s - 0/(-1) a prime number?
True
Let n be ((-1169928)/48)/((-2)/4). Let h = n + -32102. Is h a prime number?
False
Is ((-19 + 1061649)/2)/1 a prime number?
False
Let a be ((-10)/(-7))/(-5) - 268/(-7). Let o = a + -38. Suppose 4*p - 4*w = -47 + 243, o = -5*p + 2*w + 257. Is p a composite number?
False
Let r(f) = 2*f**2 - 5*f + 762. Is r(-29) prime?
False
Let r(j) = -299756*j**3 + 2*j**2 - 4*j - 7. Is r(-1) prime?
False
Let k = 1098 - -385. Let g = 763 - k. Let s = g + 1933. Is s composite?
False
Let l = -16 + 16. Suppose l = 4*v + 4470 - 86. Let a = v + 5877. Is a a prime number?
False
Suppose 22 = 3*w + 5*v, -5*v + 9 = -4*w - 4*v. Is (-7)/((-7)/3104) - (2 + w) prime?
False
Suppose -198412 - 2706 = -4*k + 2*u, -150839 = -3*k + u. Let z = k + -35841. Is z a prime number?
False
Let n be (-20)/70 - 515460/21. Let l = -9877 - n. Is l composite?
False
Suppose 0 = -4*u - 2*d - 264, -2*u - 3*d - 10 = 110. Suppose -f = -5*b - 18, 2*f + 3*b - 36 = 4*b. Is 2*u/f*-339 a prime number?
False
Let p(u) = 20 - 47 + 933*u - 13 - 14 - 32. Is p(9) a prime number?
True
Let t(c) = 74*c**2 + 168*c + 4383. Is t(-25) a prime number?
False
Let a = -423 - -434. Let z(u) = -6*u**3 + 18*u**2 + 6*u + 14. Let r(n) = 5*n**3 - 17*n**2 - 6*n - 13. Let v(b) = -5*r(b) - 4*z(b). Is v(a) prime?
True
Suppose -185*n + 42*n + 15995254 = -26288845. Is n a composite number?
False
Suppose 2*z - 4*u - 40 = 0, 5*u - 4 = -9. Let b be 15622/(-8) - z/72. Is (-6)/4 + 7 + b/(-6) prime?
True
Is 2/(-3 + (-1264055)/(-421343)) prime?
True
Let j(g) = -6044*g - 2509. Is j(-28) a prime number?
True
Suppose 4*t - 70026 = -2*i, 9551 = 3*t + 4*i - 42956. Let x = t + 5298. Is x prime?
True
Suppose 17083 = 4*w + 5*s - 44934, 0 = -4*w + 2*s + 62038. Let q = w + -10809. Is q a prime number?
False
Let q = 26508 + 14531. Is q a composite number?
False
Let p(n) be the third derivative of -69*n**4/8 + 137*n**3/6 + 3*n**2 + 5. Is p(-35) a composite number?
True
Let u be (((-10)/(-3))/5)/(2/(-36)). Let s(z) = -3*z**3 + 5*z**2 + 4*z + 12. Let f be s(u). Suppose 14*o - 1118 - f = 0. Is o composite?
False
Let h be (1 - (-9)/(-21)) + 4862288/(-56). Is (0 + 6/(-18))/(2/h) a prime number?
False
Suppose 7274558 = 2*o + 3*l, -2*o - 68*l = -72*l - 7274558. Is o a composite number?
False
Let s(j) = -j**3 - 31*j**2 + 3*j + 104. Let g be s(-31). Suppose 126 = -g*m + 3745. Is m a prime number?
False
Let w(u) = 623*u + 2386. Is w(5) a composite number?
False
Suppose 0 = 4*z + 4*z + 16. Let v be 3/(z + 5)*11. Suppose v*w = 1233 + 406. Is w prime?
True
Let j = 1513624 - 745077. Is j composite?
True
Let j be 2/(48/(-22) + (2 - 0)). Is 261 + j + 1/1 a prime number?
True
Let m = -48 + 69. Let w = 27 - m. Let q(h) = 32*h - 13. Is q(w) a prime number?
True
Let v = -191 - -103560. Is v a composite number?
True
Let q(g) = -1333*g + 113. Let r be q(-5). Suppose 0 = d + 4*a - r, -d + 0*a = 3*a - 6778. Is d composite?
True
Let u = 83 - 77. Suppose -u*z - 43379 = -13*z. I